e factors of s.
29
Let t be (46/(-6)*1)/(2/(-144)). Suppose t = 9*d - 5*d. List the prime factors of d.
2, 3, 23
Let o(x) = x**2 + 3*x - 1. Let c = 14 + -22. What are the prime factors of o(c)?
3, 13
Let g(t) = -11*t - 1. Let z = -6 + 10. Let y be (-1)/z + (-14)/8. List the prime factors of g(y).
3, 7
Suppose -16*n = -3729 - 5279. List the prime factors of n.
563
Let w(b) = -b**3 - 11*b**2 + b + 16. Let u be w(-11). Suppose 4*z - 177 = -u. What are the prime factors of z?
43
Let m be (-8)/(-8)*(-2)/4*122. Let a = m - -112. List the prime factors of a.
3, 17
Suppose 5*l + 2 = -y, 5*l + 4*y + 13 = 5. Suppose -2*f + 104 = -l*b + 5*b, 52 = f - 2*b. What are the prime factors of f?
2, 13
Let p = -65 + 95. Let l = p - 18. Let h = 20 - l. List the prime factors of h.
2
Suppose 1217 = 5*z - 2*d, -17*z + 12*z = -3*d - 1218. What are the prime factors of z?
3
Let f be (1 + 11)*2/3. Suppose 5*n + 3*h - 19 = 0, -4*n + 7*n + h = 9. Let x = n + f. List the prime factors of x.
2, 5
Let h(t) = -13*t + 5. Let s(o) = 14*o - 6. Let m(y) = -3*h(y) - 2*s(y). List the prime factors of m(3).
2, 3, 5
Let j(q) = -4*q**3 - 2*q - 2. Let d be j(-1). Suppose n + 161 = 4*m, m + 3*n - 41 = -d. What are the prime factors of m?
2, 5
Let h(q) = 7*q - 1. Let p be h(2). Let y = p + -6. What are the prime factors of 1*((y - 0) + -3)?
2
Suppose 0 = w + 2 - 7. Suppose 0 = -w*t + 73 + 47. List the prime factors of (38/4)/(4/t).
3, 19
What are the prime factors of 156 - ((-11)/11 - 3)?
2, 5
Let n = -7 + 192. What are the prime factors of n?
5, 37
Let s(j) be the first derivative of 3 - 2 - 3*j + 1 + j**2 + 1. What are the prime factors of s(8)?
13
Let j be 4/(-16)*-42*(-4)/(-6). Suppose j*k - 321 + 104 = 0. List the prime factors of k.
31
Let c be 2083 + (64/(-4))/4. Suppose c = 9*y + 324. What are the prime factors of y?
3, 5, 13
Let w be 33/15 + (-2)/10. Let u(j) = -10 + 4*j - 9*j**w - 8*j + j**3 + 0*j. What are the prime factors of u(10)?
2, 5
Let f = -982 - -1975. List the prime factors of f.
3, 331
Suppose 0 = -2*t + 10 - 4. Suppose 0 = -4*m - 3*p - 0*p + 179, t*m - 156 = 5*p. List the prime factors of m.
47
Let k(w) be the second derivative of -w**5/20 + w**4/6 - 2*w. Let d be k(2). Suppose d = -6*x - 0*x + 132. List the prime factors of x.
2, 11
Let v be (83 - 1)*5*16/(-40). List the prime factors of 1 - 3 - (-5)/5 - v.
163
Let d(b) = 122*b**2 + 2*b - 1. Let a be d(1). Suppose a = 4*h - 133. Suppose 0 = 4*r - 0*r - h. List the prime factors of r.
2
Let r = 1488 - 851. List the prime factors of r.
7, 13
Let a(u) = 2*u - 10. Let l be a(5). Suppose l = -2*s - 3*s + 235. What are the prime factors of s?
47
Let o(s) = 162*s - 91. What are the prime factors of o(20)?
47, 67
Suppose 21774 = 56*i - 37*i. What are the prime factors of i?
2, 3, 191
Let w(b) = 44*b**3 + b**2 + b - 6. List the prime factors of w(3).
2, 3, 199
Suppose 55*b = -61*b + 255780. What are the prime factors of b?
3, 5, 7
Suppose -2*o - 10 = 4*s, 4*o + 3*s = 2 - 27. Let q(z) = z**3 + 8*z**2 + 7*z + 6. Let t be q(o). List the prime factors of (-4)/t*(-165)/22.
5
Let d(q) = 23*q + 128. Let z be d(-6). Let f(c) = 7 - 4*c + 3*c - c. What are the prime factors of f(z)?
3
Suppose 4*y - 2295 = 5*x, -y + 3*x = 8*x - 605. What are the prime factors of y?
2, 5, 29
Let n = 679 - -646. Suppose n = 33*z - 28*z. List the prime factors of z.
5, 53
Suppose 4*a - 7*a = 3. Let d = a - -11. Let n = d + -4. What are the prime factors of n?
2, 3
Let n = -11 + 2. Let r be (-74 + 2)*n/12. Suppose 6*d = 3*d + r. What are the prime factors of d?
2, 3
Suppose -9*z = -4*z - 240. Suppose 0 = -2*k + z + 86. What are the prime factors of k?
67
List the prime factors of (189 + 9)*11/(198/60).
2, 3, 5, 11
Suppose 110190 = 44*u + 11762. What are the prime factors of u?
2237
Let n be (-39)/26 + 29/(-2). What are the prime factors of -1 - (-4 + 2*n)?
5, 7
Suppose -m = 3*m - 8. Let w(q) = 1 + 3*q**2 + 0*q + q + m*q**2. What are the prime factors of w(-1)?
5
Let n(b) = 51*b - 4*b**2 - 2 - 28*b - 25*b + 10*b**2. List the prime factors of n(-4).
2, 3, 17
Suppose -4*y - y - 20 = 0. Let x be (-2)/y*(9 + -9). List the prime factors of 4 + x/(-4) + 30.
2, 17
Suppose 3*c = 5*v + 1939, v = 3*c - 2*c - 649. What are the prime factors of c?
653
Let j = 76 + -44. Suppose v + 3*v - 32 = -4*o, -v + j = 5*o. Suppose y - 37 = -o. What are the prime factors of y?
31
Let t = 2075 - -623. List the prime factors of t.
2, 19, 71
Let k be (9 + -30)/((-6)/4). Suppose -11*p - 12 = -k*p. List the prime factors of p.
2
Let k(c) = 3*c + 12 + 2*c - 4*c. List the prime factors of k(17).
29
Suppose -a - 2*q = -110, a + 0*a - 3*q = 135. What are the prime factors of a?
2, 3, 5
Let c be 75/10*8/10. Let l be (-7 - (-2 + -2)) + c. What are the prime factors of (1/l)/(26/780)?
2, 5
Suppose 7*n - 3733 = -1269. List the prime factors of n.
2, 11
Let s be (3/(-2))/((-24)/48). Let o(b) = b**3 + b**2 - 5*b + 6. Let z be o(s). Let h = z + -10. List the prime factors of h.
17
Let n be (-70)/(-7)*3/6. Suppose -4*i + 4*t = -136, -4*t + 17 = n*i - 117. List the prime factors of i.
2, 3, 5
Suppose -350 = 11*t - 4*t. Let g = t - -53. List the prime factors of g.
3
Suppose 11*w - 1668 = 1632. What are the prime factors of w?
2, 3, 5
Suppose -170*s = -161*s - 1638. What are the prime factors of s?
2, 7, 13
Let s = 286 + -161. List the prime factors of s.
5
Let l(i) = -21*i - 3. Let k be l(-3). List the prime factors of ((-3)/2)/((-10)/k).
3
Let t(k) = k**3 + 10*k**2 + 4*k - 1. Let y be t(-9). Suppose -d + y = -3*w, 0*w = 3*d - w - 148. What are the prime factors of d?
2, 5
Suppose 18*c - 10222 = -1312. List the prime factors of c.
3, 5, 11
Suppose -3*d - 8 = -7*d. Suppose 3*n = -d*n + r + 235, 128 = 3*n + 2*r. What are the prime factors of n?
2, 23
Suppose -2*x + 4621 = -2*c - 1, 0 = -4*x + 3*c + 9249. What are the prime factors of x?
2, 3, 193
Suppose -3*l + f + 1079 = 0, -4*f = l + 171 - 509. List the prime factors of l.
2, 179
Let b(f) = -f**2 - 3*f + 32. Let c be b(0). Suppose 0 = -2*q - 0*q - 24. Let u = q + c. What are the prime factors of u?
2, 5
Let x(k) be the second derivative of k**2 - 5*k - 1/2*k**3 + 0. What are the prime factors of x(-9)?
29
What are the prime factors of ((-3)/((-6)/703))/((-17)/(-68))?
2, 19, 37
Let i be -4 + -2 + 6 - -17. Suppose -2*z + j + 6 = -0*j, 15 = 5*z + 3*j. Let m = i + z. List the prime factors of m.
2, 5
Let h(d) = -74 + d**3 - 29*d**2 + 8*d**2 + 52 - 2*d**3 - 13*d. What are the prime factors of h(-21)?
251
Let l(g) = 14*g + 10*g**3 - g**3 - 13*g**2 + 14 - 8*g**3. What are the prime factors of l(12)?
2, 19
Let n be 2/2 - (9 - -2). List the prime factors of (1 - -54) + n + 12.
3, 19
Let x(c) = c**2 + 6*c - 14. Let k be x(-16). Suppose 0 = 3*i - 5*n - 112, i + 3*i = 5*n + k. List the prime factors of i.
2, 17
Let w(g) = 2*g**2 - 4*g - 3. Let c(x) = -x + 12. Let i be c(-15). Let u = 33 - i. What are the prime factors of w(u)?
3, 5
Suppose 4*r + 9 - 71 = -2*q, 25 = q - r. Let a = -93 - q. List the prime factors of ((-6)/10)/(6/a).
2, 3
Let j be (-6)/(-2)*2 - 1. Suppose 0 = -3*z - j*r + 180 + 238, 5*z - 3*r - 708 = 0. List the prime factors of z.
3, 47
Let k(a) = 104*a**2 - 1. Let m be k(-1). Suppose -5*l + m = -407. List the prime factors of l.
2, 3, 17
Suppose -4627 = -3*s - 4*p, 6*s = 4*s + 5*p + 3123. What are the prime factors of s?
1549
Suppose -5*p = 2*u - 978, u = 5*p - 3*u - 954. List the prime factors of p.
2, 97
Suppose 0 = 5*y + 5*g - 35, 0 = 4*y + 4*g + g - 32. Let w be -35 - (-3 + y)*1. Let t = -14 - w. What are the prime factors of t?
3, 7
List the prime factors of (-16)/(-144)*-87*(-86 + -1).
29
Let d(q) = 2*q**3 - 3*q**2 - q + 1. Let z be d(3). Suppose 2*c + 5 = z. Let l = c - 8. What are the prime factors of l?
2
Suppose 0*l - 2*l - 12 = 0. Let p = l - -5. Let x = 6 + p. What are the prime factors of x?
5
Suppose a - 5*b = 67, -5*b = 13 + 2. Let o(y) = 5*y**2 + y + 1. Let j be o(-1). Suppose -u - j*n = 3*u - a, 28 = u + 5*n. List the prime factors of u.
2
Let l(s) = 3*s**3 + 3*s**2 - 4*s + 0*s**2 - 7*s + 10*s. Let j be l(3). Suppose -t - u = -29, t + 4*t - 3*u = j. List the prime factors of t.
2, 3
Suppose -4*y = f + 4*f - 43, 23 = 2*y + 3*f. Let c be (-4 + 4)*(-2)/(-4). Let i = y + c. What are the prime factors of i?
7
What are the prim